{"id":315,"date":"2021-06-20T22:45:29","date_gmt":"2021-06-21T01:45:29","guid":{"rendered":"https:\/\/www.whasur.com.br\/site\/?page_id=315"},"modified":"2021-07-11T23:23:46","modified_gmt":"2021-07-12T02:23:46","slug":"sobre","status":"publish","type":"page","link":"https:\/\/www.whasur.com.br\/site\/sobre\/","title":{"rendered":"Sobre"},"content":{"rendered":"<p>A WHASUR \u00e9 uma empresa familiar de representa\u00e7\u00f5es comerciais que atua no segmento de solu\u00e7\u00f5es el\u00e9tricas, buscando representar no mercado de Santa Catarina empresas com produtos de proced\u00eancia, qualidade e totalmente produzidos dentro de avan\u00e7ados processos atendendo totalmente as NBR\u2019s vigentes no segmento el\u00e9trico de cada produto.<\/p>\n<p>Nossas atividades come\u00e7aram em 01 de Agosto de 1998 que com determina\u00e7\u00e3o confian\u00e7a, valores de vida e orienta\u00e7\u00e3o de Deus iniciaram a WHASUR.<\/p>\n<p>A origem do nome WHASUR \u00e9 a prova de confian\u00e7a e determina\u00e7\u00e3o, pois quer dizer:<\/p>\n","protected":false},"excerpt":{"rendered":"<p>A WHASUR \u00e9 uma empresa familiar de representa\u00e7\u00f5es comerciais que atua no segmento de solu\u00e7\u00f5es el\u00e9tricas, buscando representar no mercado de Santa Catarina empresas com produtos de proced\u00eancia, qualidade e totalmente produzidos dentro de avan\u00e7ados processos atendendo totalmente as NBR\u2019s vigentes no segmento el\u00e9trico de cada produto. Nossas atividades come\u00e7aram em 01 de Agosto de [&hellip;]<\/p>\n","protected":false},"author":1,"featured_media":0,"parent":0,"menu_order":0,"comment_status":"closed","ping_status":"closed","template":"sobre.php","meta":{"_acf_changed":false,"_joinchat":[],"footnotes":""},"class_list":["post-315","page","type-page","status-publish","hentry"],"acf":[],"_links":{"self":[{"href":"https:\/\/www.whasur.com.br\/site\/wp-json\/wp\/v2\/pages\/315","targetHints":{"allow":["GET"]}}],"collection":[{"href":"https:\/\/www.whasur.com.br\/site\/wp-json\/wp\/v2\/pages"}],"about":[{"href":"https:\/\/www.whasur.com.br\/site\/wp-json\/wp\/v2\/types\/page"}],"author":[{"embeddable":true,"href":"https:\/\/www.whasur.com.br\/site\/wp-json\/wp\/v2\/users\/1"}],"replies":[{"embeddable":true,"href":"https:\/\/www.whasur.com.br\/site\/wp-json\/wp\/v2\/comments?post=315"}],"version-history":[{"count":8,"href":"https:\/\/www.whasur.com.br\/site\/wp-json\/wp\/v2\/pages\/315\/revisions"}],"predecessor-version":[{"id":495,"href":"https:\/\/www.whasur.com.br\/site\/wp-json\/wp\/v2\/pages\/315\/revisions\/495"}],"wp:attachment":[{"href":"https:\/\/www.whasur.com.br\/site\/wp-json\/wp\/v2\/media?parent=315"}],"curies":[{"name":"wp","href":"https:\/\/api.w.org\/{rel}","templated":true}]}}